{"id":456,"date":"2015-07-29T13:44:44","date_gmt":"2015-07-29T13:44:44","guid":{"rendered":"https:\/\/zakra-agency.sites.qsandbox.com\/?page_id=4"},"modified":"2021-09-24T11:09:35","modified_gmt":"2021-09-24T11:09:35","slug":"home","status":"publish","type":"page","link":"https:\/\/advocacy.natura2000.ro\/","title":{"rendered":"Home"},"content":{"rendered":"\t\t<div data-elementor-type=\"wp-page\" data-elementor-id=\"456\" class=\"elementor elementor-456\" data-elementor-settings=\"[]\">\n\t\t\t\t\t\t\t<div class=\"elementor-section-wrap\">\n\t\t\t\t\t\t\t<section class=\"elementor-section elementor-top-section elementor-element elementor-element-db85304 elementor-section-boxed elementor-section-height-default elementor-section-height-default\" data-id=\"db85304\" data-element_type=\"section\" data-settings=\"{&quot;background_background&quot;:&quot;classic&quot;}\">\n\t\t\t\t\t\t\t<div class=\"elementor-background-overlay\"><\/div>\n\t\t\t\t\t\t\t<div class=\"elementor-container elementor-column-gap-no\">\n\t\t\t\t\t<div class=\"elementor-column elementor-col-50 elementor-top-column elementor-element elementor-element-b60806c\" data-id=\"b60806c\" data-element_type=\"column\">\n\t\t\t<div class=\"elementor-widget-wrap elementor-element-populated\">\n\t\t\t\t\t\t\t\t<div class=\"elementor-element elementor-element-578f37f elementor-widget elementor-widget-heading\" data-id=\"578f37f\" data-element_type=\"widget\" data-widget_type=\"heading.default\">\n\t\t\t\t<div class=\"elementor-widget-container\">\n\t\t\t<h1 class=\"elementor-heading-title elementor-size-default\">Guvernan\u021b\u0103 participativ\u0103 prin implicarea societ\u0103\u021bii civile \u00een protec\u021bia naturii din Rom\u00e2nia.<\/h1>\t\t<\/div>\n\t\t\t\t<\/div>\n\t\t\t\t<div class=\"elementor-element elementor-element-fddbf4f elementor-widget elementor-widget-text-editor\" data-id=\"fddbf4f\" data-element_type=\"widget\" data-widget_type=\"text-editor.default\">\n\t\t\t\t<div class=\"elementor-widget-container\">\n\t\t\t\t\t\t\t<p><span dir=\"ltr\" role=\"presentation\">Proiectul este derulat de Federa\u021bia Coali\u021bia Natura 2000 Rom\u00e2nia, \u00een parteneriat cu Asocia\u021bia Pro Democra\u021bia Club Bra\u0219ov, \u0219i beneficiaz\u0103 de o finan\u021bare \u00een valoare de <\/span><span dir=\"ltr\" role=\"presentation\">268559 euro, <\/span><span dir=\"ltr\" role=\"presentation\">prin programul Active Citizens Fund Rom\u00e2nia, finan\u021bat de Islanda, Liechtenstein \u0219i Norvegia prin Granturile SEE 2014-2021. <\/span><span dir=\"ltr\" role=\"presentation\">Con\u021binutul acestui website nu reprezint\u0103 \u00een mod necesar <\/span><span dir=\"ltr\" role=\"presentation\">pozi\u021bia oficial\u0103 a Granturilor SEE \u0219i Norvegiene 2014-2021; pentru mai multe informa\u021bii accesa\u021bi www.eeagrants.org. Informa\u021bii despre Active Citizens Fund Rom\u00e2nia sunt disponibile <\/span><span dir=\"ltr\" role=\"presentation\">la www.activecitizensfund.ro.\u201d<\/span><\/p><p>\u00a0<\/p>\t\t\t\t\t\t<\/div>\n\t\t\t\t<\/div>\n\t\t\t\t<div class=\"elementor-element elementor-element-0b58697 elementor-tablet-align-center elementor-mobile-align-center elementor-widget elementor-widget-button\" data-id=\"0b58697\" data-element_type=\"widget\" data-widget_type=\"button.default\">\n\t\t\t\t<div class=\"elementor-widget-container\">\n\t\t\t\t\t<div class=\"elementor-button-wrapper\">\n\t\t\t<a href=\"http:\/\/advocacy.natura2000.ro\/index.php\/about\/\" class=\"elementor-button-link elementor-button elementor-size-sm elementor-animation-grow\" role=\"button\">\n\t\t\t\t\t\t<span class=\"elementor-button-content-wrapper\">\n\t\t\t\t\t\t<span class=\"elementor-button-text\">Despre proiect<\/span>\n\t\t<\/span>\n\t\t\t\t\t<\/a>\n\t\t<\/div>\n\t\t\t\t<\/div>\n\t\t\t\t<\/div>\n\t\t\t\t\t<\/div>\n\t\t<\/div>\n\t\t\t\t<div class=\"elementor-column elementor-col-50 elementor-top-column elementor-element elementor-element-0947a83\" data-id=\"0947a83\" data-element_type=\"column\">\n\t\t\t<div class=\"elementor-widget-wrap elementor-element-populated\">\n\t\t\t\t\t\t\t\t<div class=\"elementor-element elementor-element-a74879e elementor-widget-tablet__width-inherit elementor-widget-mobile__width-inherit elementor-widget elementor-widget-image\" data-id=\"a74879e\" data-element_type=\"widget\" data-settings=\"{&quot;_animation&quot;:&quot;none&quot;}\" data-widget_type=\"image.default\">\n\t\t\t\t<div class=\"elementor-widget-container\">\n\t\t\t\t\t\t\t\t\t\t\t\t\t\t\t<img loading=\"lazy\" decoding=\"async\" width=\"2413\" height=\"2097\" src=\"https:\/\/advocacy.natura2000.ro\/wp-content\/uploads\/2021\/09\/home-hero-image2-01.png\" class=\"attachment-full size-full\" alt=\"\" srcset=\"https:\/\/advocacy.natura2000.ro\/wp-content\/uploads\/2021\/09\/home-hero-image2-01.png 2413w, https:\/\/advocacy.natura2000.ro\/wp-content\/uploads\/2021\/09\/home-hero-image2-01-300x261.png 300w, https:\/\/advocacy.natura2000.ro\/wp-content\/uploads\/2021\/09\/home-hero-image2-01-1024x890.png 1024w, https:\/\/advocacy.natura2000.ro\/wp-content\/uploads\/2021\/09\/home-hero-image2-01-768x667.png 768w, https:\/\/advocacy.natura2000.ro\/wp-content\/uploads\/2021\/09\/home-hero-image2-01-1536x1335.png 1536w, https:\/\/advocacy.natura2000.ro\/wp-content\/uploads\/2021\/09\/home-hero-image2-01-2048x1780.png 2048w, https:\/\/advocacy.natura2000.ro\/wp-content\/uploads\/2021\/09\/home-hero-image2-01-600x521.png 600w\" sizes=\"auto, (max-width: 2413px) 100vw, 2413px\" \/>\t\t\t\t\t\t\t\t\t\t\t\t\t\t\t<\/div>\n\t\t\t\t<\/div>\n\t\t\t\t\t<\/div>\n\t\t<\/div>\n\t\t\t\t\t\t\t<\/div>\n\t\t<\/section>\n\t\t\t\t<section class=\"elementor-section elementor-top-section elementor-element elementor-element-7d1550a elementor-section-full_width elementor-section-height-default elementor-section-height-default\" data-id=\"7d1550a\" data-element_type=\"section\" data-settings=\"{&quot;background_background&quot;:&quot;gradient&quot;}\">\n\t\t\t\t\t\t<div class=\"elementor-container elementor-column-gap-no\">\n\t\t\t\t\t<div class=\"elementor-column elementor-col-16 elementor-top-column elementor-element elementor-element-bafd955\" data-id=\"bafd955\" data-element_type=\"column\">\n\t\t\t<div class=\"elementor-widget-wrap elementor-element-populated\">\n\t\t\t\t\t\t\t\t<div class=\"elementor-element elementor-element-eb6c8b1 elementor-position-top elementor-vertical-align-top elementor-widget elementor-widget-image-box\" data-id=\"eb6c8b1\" data-element_type=\"widget\" data-widget_type=\"image-box.default\">\n\t\t\t\t<div class=\"elementor-widget-container\">\n\t\t\t<div class=\"elementor-image-box-wrapper\"><figure class=\"elementor-image-box-img\"><img loading=\"lazy\" decoding=\"async\" width=\"65\" height=\"64\" src=\"https:\/\/advocacy.natura2000.ro\/wp-content\/uploads\/2020\/06\/icon-research.png\" class=\"elementor-animation-bob attachment-full size-full\" alt=\"\" \/><\/figure><div class=\"elementor-image-box-content\"><h5 class=\"elementor-image-box-title\">Analiz\u0103 legislativ\u0103<\/h5><\/div><\/div>\t\t<\/div>\n\t\t\t\t<\/div>\n\t\t\t\t\t<\/div>\n\t\t<\/div>\n\t\t\t\t<div class=\"elementor-column elementor-col-16 elementor-top-column elementor-element elementor-element-b603327\" data-id=\"b603327\" data-element_type=\"column\">\n\t\t\t<div class=\"elementor-widget-wrap elementor-element-populated\">\n\t\t\t\t\t\t\t\t<div class=\"elementor-element elementor-element-e5dc073 elementor-position-top elementor-vertical-align-top elementor-widget elementor-widget-image-box\" data-id=\"e5dc073\" data-element_type=\"widget\" data-widget_type=\"image-box.default\">\n\t\t\t\t<div class=\"elementor-widget-container\">\n\t\t\t<div class=\"elementor-image-box-wrapper\"><figure class=\"elementor-image-box-img\"><img loading=\"lazy\" decoding=\"async\" width=\"64\" height=\"65\" src=\"https:\/\/advocacy.natura2000.ro\/wp-content\/uploads\/2020\/06\/icon-idea.png\" class=\"elementor-animation-bob attachment-full size-full\" alt=\"\" \/><\/figure><div class=\"elementor-image-box-content\"><h5 class=\"elementor-image-box-title\">advocacy<\/h5><\/div><\/div>\t\t<\/div>\n\t\t\t\t<\/div>\n\t\t\t\t\t<\/div>\n\t\t<\/div>\n\t\t\t\t<div class=\"elementor-column elementor-col-16 elementor-top-column elementor-element elementor-element-ab8cdec\" data-id=\"ab8cdec\" data-element_type=\"column\">\n\t\t\t<div class=\"elementor-widget-wrap elementor-element-populated\">\n\t\t\t\t\t\t\t\t<div class=\"elementor-element elementor-element-538b200 elementor-position-top elementor-vertical-align-top elementor-widget elementor-widget-image-box\" data-id=\"538b200\" data-element_type=\"widget\" data-widget_type=\"image-box.default\">\n\t\t\t\t<div class=\"elementor-widget-container\">\n\t\t\t<div class=\"elementor-image-box-wrapper\"><figure class=\"elementor-image-box-img\"><img loading=\"lazy\" decoding=\"async\" width=\"64\" height=\"64\" src=\"https:\/\/advocacy.natura2000.ro\/wp-content\/uploads\/2021\/01\/icon-trust.png\" class=\"elementor-animation-bob attachment-full size-full\" alt=\"\" \/><\/figure><div class=\"elementor-image-box-content\"><h5 class=\"elementor-image-box-title\">COLABORARE<\/h5><\/div><\/div>\t\t<\/div>\n\t\t\t\t<\/div>\n\t\t\t\t\t<\/div>\n\t\t<\/div>\n\t\t\t\t<div class=\"elementor-column elementor-col-16 elementor-top-column elementor-element elementor-element-0986a1a\" data-id=\"0986a1a\" data-element_type=\"column\">\n\t\t\t<div class=\"elementor-widget-wrap elementor-element-populated\">\n\t\t\t\t\t\t\t\t<div class=\"elementor-element elementor-element-4281958 elementor-position-top elementor-vertical-align-top elementor-widget elementor-widget-image-box\" data-id=\"4281958\" data-element_type=\"widget\" data-widget_type=\"image-box.default\">\n\t\t\t\t<div class=\"elementor-widget-container\">\n\t\t\t<div class=\"elementor-image-box-wrapper\"><figure class=\"elementor-image-box-img\"><img loading=\"lazy\" decoding=\"async\" width=\"64\" height=\"66\" src=\"https:\/\/advocacy.natura2000.ro\/wp-content\/uploads\/2020\/06\/icon-seo-friendly.png\" class=\"elementor-animation-bob attachment-full size-full\" alt=\"\" \/><\/figure><div class=\"elementor-image-box-content\"><h5 class=\"elementor-image-box-title\">cercetare \u0219i simul\u0103ri<\/h5><\/div><\/div>\t\t<\/div>\n\t\t\t\t<\/div>\n\t\t\t\t\t<\/div>\n\t\t<\/div>\n\t\t\t\t<div class=\"elementor-column elementor-col-16 elementor-top-column elementor-element elementor-element-525acee\" data-id=\"525acee\" data-element_type=\"column\">\n\t\t\t<div class=\"elementor-widget-wrap elementor-element-populated\">\n\t\t\t\t\t\t\t\t<div class=\"elementor-element elementor-element-875de19 elementor-position-top elementor-vertical-align-top elementor-widget elementor-widget-image-box\" data-id=\"875de19\" data-element_type=\"widget\" data-widget_type=\"image-box.default\">\n\t\t\t\t<div class=\"elementor-widget-container\">\n\t\t\t<div class=\"elementor-image-box-wrapper\"><figure class=\"elementor-image-box-img\"><img loading=\"lazy\" decoding=\"async\" width=\"67\" height=\"64\" src=\"https:\/\/advocacy.natura2000.ro\/wp-content\/uploads\/2020\/06\/icon-design.png\" class=\"elementor-animation-bob attachment-full size-full\" alt=\"\" \/><\/figure><div class=\"elementor-image-box-content\"><h5 class=\"elementor-image-box-title\">propuneri legislative<\/h5><\/div><\/div>\t\t<\/div>\n\t\t\t\t<\/div>\n\t\t\t\t\t<\/div>\n\t\t<\/div>\n\t\t\t\t<div class=\"elementor-column elementor-col-16 elementor-top-column elementor-element elementor-element-7df1e69\" data-id=\"7df1e69\" data-element_type=\"column\">\n\t\t\t<div class=\"elementor-widget-wrap elementor-element-populated\">\n\t\t\t\t\t\t\t\t<div class=\"elementor-element elementor-element-2103a2c elementor-position-top elementor-vertical-align-top elementor-widget elementor-widget-image-box\" data-id=\"2103a2c\" data-element_type=\"widget\" data-widget_type=\"image-box.default\">\n\t\t\t\t<div class=\"elementor-widget-container\">\n\t\t\t<div class=\"elementor-image-box-wrapper\"><figure class=\"elementor-image-box-img\"><img loading=\"lazy\" decoding=\"async\" width=\"64\" height=\"64\" src=\"https:\/\/advocacy.natura2000.ro\/wp-content\/uploads\/2020\/06\/icon-experts.png\" class=\"elementor-animation-bob attachment-full size-full\" alt=\"\" \/><\/figure><div class=\"elementor-image-box-content\"><h5 class=\"elementor-image-box-title\">implicare \u0219i participare<\/h5><\/div><\/div>\t\t<\/div>\n\t\t\t\t<\/div>\n\t\t\t\t\t<\/div>\n\t\t<\/div>\n\t\t\t\t\t\t\t<\/div>\n\t\t<\/section>\n\t\t\t\t<section class=\"elementor-section elementor-top-section elementor-element elementor-element-71f70e6 elementor-section-boxed elementor-section-height-default elementor-section-height-default\" data-id=\"71f70e6\" data-element_type=\"section\">\n\t\t\t\t\t\t<div class=\"elementor-container elementor-column-gap-default\">\n\t\t\t\t\t<div class=\"elementor-column elementor-col-50 elementor-top-column elementor-element elementor-element-4994c8c\" data-id=\"4994c8c\" data-element_type=\"column\">\n\t\t\t<div class=\"elementor-widget-wrap elementor-element-populated\">\n\t\t\t\t\t\t\t\t<div class=\"elementor-element elementor-element-2703c40 elementor-widget elementor-widget-image\" data-id=\"2703c40\" data-element_type=\"widget\" data-widget_type=\"image.default\">\n\t\t\t\t<div class=\"elementor-widget-container\">\n\t\t\t\t\t\t\t\t\t\t\t\t\t\t\t<img loading=\"lazy\" decoding=\"async\" width=\"812\" height=\"585\" src=\"https:\/\/advocacy.natura2000.ro\/wp-content\/uploads\/2021\/09\/1514373725-huge.jpg\" class=\"attachment-large size-large\" alt=\"\" srcset=\"https:\/\/advocacy.natura2000.ro\/wp-content\/uploads\/2021\/09\/1514373725-huge.jpg 833w, https:\/\/advocacy.natura2000.ro\/wp-content\/uploads\/2021\/09\/1514373725-huge-300x216.jpg 300w, https:\/\/advocacy.natura2000.ro\/wp-content\/uploads\/2021\/09\/1514373725-huge-768x553.jpg 768w, https:\/\/advocacy.natura2000.ro\/wp-content\/uploads\/2021\/09\/1514373725-huge-600x432.jpg 600w\" sizes=\"auto, (max-width: 812px) 100vw, 812px\" \/>\t\t\t\t\t\t\t\t\t\t\t\t\t\t\t<\/div>\n\t\t\t\t<\/div>\n\t\t\t\t\t<\/div>\n\t\t<\/div>\n\t\t\t\t<div class=\"elementor-column elementor-col-50 elementor-top-column elementor-element elementor-element-6fd55ca\" data-id=\"6fd55ca\" data-element_type=\"column\">\n\t\t\t<div class=\"elementor-widget-wrap elementor-element-populated\">\n\t\t\t\t\t\t\t\t<div class=\"elementor-element elementor-element-9409352 elementor-widget elementor-widget-heading\" data-id=\"9409352\" data-element_type=\"widget\" data-widget_type=\"heading.default\">\n\t\t\t\t<div class=\"elementor-widget-container\">\n\t\t\t<h3 class=\"elementor-heading-title elementor-size-default\">Activit\u0103\u021bi la care lucr\u0103m \u00een urm\u0103toarea perioad\u0103:<\/h3>\t\t<\/div>\n\t\t\t\t<\/div>\n\t\t\t\t<div class=\"elementor-element elementor-element-cf0dc41 elementor-widget elementor-widget-text-editor\" data-id=\"cf0dc41\" data-element_type=\"widget\" data-widget_type=\"text-editor.default\">\n\t\t\t\t<div class=\"elementor-widget-container\">\n\t\t\t\t\t\t\t<p>&#8211; un sondaj privind percep\u021bia publicului asupra protec\u021biei naturii \u0219i\/sau implic\u0103rii ONG-urilor \u00een managementul ariilor naturale protejate.<\/p><p>&#8211; 1 raport de analiz\u0103 legislativ\u0103 \u0219i institu\u021bional\u0103<\/p><p>&#8211; 1 raport de analiza privind eficien\u021ba sistemului actual de management al ariilor protejate \u0219i posibile solu\u021bii alternative de organizare, mai participativ\u0103 a acestuia<\/p><p>&#8211; un Grup de lucru intern pentru managementul ariilor protejate func\u021bional cu \u00eent\u00e2lniri s\u0103pt\u0103m\u00e2nale<\/p><p>&#8211; 1 plan de campanie de advocacy stabilit cu peste 5 propuneri de modificare a unor acte normative, politici sau proceduri relevante pentru managementul \u0219i bun\u0103 guvernan\u021b\u0103 a ariilor protejate<\/p><p>&#8211; materiale de informare ce vor fi folosite \u00een campanie (clipuri video, infografice, bannere)<\/p>\t\t\t\t\t\t<\/div>\n\t\t\t\t<\/div>\n\t\t\t\t\t<\/div>\n\t\t<\/div>\n\t\t\t\t\t\t\t<\/div>\n\t\t<\/section>\n\t\t\t\t<section class=\"elementor-section elementor-top-section elementor-element elementor-element-a411f48 elementor-section-boxed elementor-section-height-default elementor-section-height-default\" data-id=\"a411f48\" data-element_type=\"section\">\n\t\t\t\t\t\t<div class=\"elementor-container elementor-column-gap-default\">\n\t\t\t\t\t<div class=\"elementor-column elementor-col-100 elementor-top-column elementor-element elementor-element-f048046\" data-id=\"f048046\" data-element_type=\"column\">\n\t\t\t<div class=\"elementor-widget-wrap elementor-element-populated\">\n\t\t\t\t\t\t\t\t<div class=\"elementor-element elementor-element-f3cf914 elementor-icon-list--layout-inline elementor-align-center elementor-list-item-link-full_width elementor-widget elementor-widget-icon-list\" data-id=\"f3cf914\" data-element_type=\"widget\" data-widget_type=\"icon-list.default\">\n\t\t\t\t<div class=\"elementor-widget-container\">\n\t\t\t\t\t<ul class=\"elementor-icon-list-items elementor-inline-items\">\n\t\t\t\t\t\t\t<li class=\"elementor-icon-list-item elementor-inline-item\">\n\t\t\t\t\t\t\t\t\t\t\t<a href=\"https:\/\/www.facebook.com\/CoalitiaNatura2000\/\">\n\n\t\t\t\t\t\t\t\t\t\t\t\t<span class=\"elementor-icon-list-icon\">\n\t\t\t\t\t\t\t<i aria-hidden=\"true\" class=\"fab fa-facebook-f\"><\/i>\t\t\t\t\t\t<\/span>\n\t\t\t\t\t\t\t\t\t\t<span class=\"elementor-icon-list-text\">Facebook<\/span>\n\t\t\t\t\t\t\t\t\t\t\t<\/a>\n\t\t\t\t\t\t\t\t\t<\/li>\n\t\t\t\t\t\t\t\t<li class=\"elementor-icon-list-item elementor-inline-item\">\n\t\t\t\t\t\t\t\t\t\t\t<a href=\"https:\/\/www.youtube.com\/channel\/UCEiNSxQWgHKFau3pGBXX8jA\">\n\n\t\t\t\t\t\t\t\t\t\t\t\t<span class=\"elementor-icon-list-icon\">\n\t\t\t\t\t\t\t<i aria-hidden=\"true\" class=\"fab fa-youtube\"><\/i>\t\t\t\t\t\t<\/span>\n\t\t\t\t\t\t\t\t\t\t<span class=\"elementor-icon-list-text\">Youtube<\/span>\n\t\t\t\t\t\t\t\t\t\t\t<\/a>\n\t\t\t\t\t\t\t\t\t<\/li>\n\t\t\t\t\t\t\t\t<li class=\"elementor-icon-list-item elementor-inline-item\">\n\t\t\t\t\t\t\t\t\t\t\t<a href=\"https:\/\/www.instagram.com\/natura2000romania\/\">\n\n\t\t\t\t\t\t\t\t\t\t\t\t<span class=\"elementor-icon-list-icon\">\n\t\t\t\t\t\t\t<i aria-hidden=\"true\" class=\"fab fa-instagram\"><\/i>\t\t\t\t\t\t<\/span>\n\t\t\t\t\t\t\t\t\t\t<span class=\"elementor-icon-list-text\">Instagram<\/span>\n\t\t\t\t\t\t\t\t\t\t\t<\/a>\n\t\t\t\t\t\t\t\t\t<\/li>\n\t\t\t\t\t\t<\/ul>\n\t\t\t\t<\/div>\n\t\t\t\t<\/div>\n\t\t\t\t\t<\/div>\n\t\t<\/div>\n\t\t\t\t\t\t\t<\/div>\n\t\t<\/section>\n\t\t\t\t\t\t<\/div>\n\t\t\t\t\t<\/div>\n\t\t","protected":false},"excerpt":{"rendered":"<p>Guvernan\u021b\u0103 participativ\u0103 prin implicarea societ\u0103\u021bii civile \u00een protec\u021bia naturii din Rom\u00e2nia. Proiectul este derulat de Federa\u021bia Coali\u021bia Natura 2000 Rom\u00e2nia, \u00een parteneriat cu Asocia\u021bia Pro Democra\u021bia Club Bra\u0219ov, \u0219i beneficiaz\u0103 de o finan\u021bare \u00een valoare de 268559 euro, prin programul Active Citizens Fund Rom\u00e2nia, finan\u021bat de Islanda, Liechtenstein \u0219i Norvegia prin Granturile SEE 2014-2021. Con\u021binutul[&hellip;]<\/p>\n","protected":false},"author":1,"featured_media":0,"parent":0,"menu_order":0,"comment_status":"open","ping_status":"open","template":"page-templates\/pagebuilder.php","meta":{"footnotes":""},"class_list":["post-456","page","type-page","status-publish","hentry"],"_links":{"self":[{"href":"https:\/\/advocacy.natura2000.ro\/index.php\/wp-json\/wp\/v2\/pages\/456","targetHints":{"allow":["GET"]}}],"collection":[{"href":"https:\/\/advocacy.natura2000.ro\/index.php\/wp-json\/wp\/v2\/pages"}],"about":[{"href":"https:\/\/advocacy.natura2000.ro\/index.php\/wp-json\/wp\/v2\/types\/page"}],"author":[{"embeddable":true,"href":"https:\/\/advocacy.natura2000.ro\/index.php\/wp-json\/wp\/v2\/users\/1"}],"replies":[{"embeddable":true,"href":"https:\/\/advocacy.natura2000.ro\/index.php\/wp-json\/wp\/v2\/comments?post=456"}],"version-history":[{"count":48,"href":"https:\/\/advocacy.natura2000.ro\/index.php\/wp-json\/wp\/v2\/pages\/456\/revisions"}],"predecessor-version":[{"id":2531,"href":"https:\/\/advocacy.natura2000.ro\/index.php\/wp-json\/wp\/v2\/pages\/456\/revisions\/2531"}],"wp:attachment":[{"href":"https:\/\/advocacy.natura2000.ro\/index.php\/wp-json\/wp\/v2\/media?parent=456"}],"curies":[{"name":"wp","href":"https:\/\/api.w.org\/{rel}","templated":true}]}}